{"id":2510,"date":"2021-04-27T19:32:08","date_gmt":"2021-04-27T17:32:08","guid":{"rendered":"http:\/\/www.kstswing.cz\/?page_id=2510"},"modified":"2026-04-08T21:34:16","modified_gmt":"2026-04-08T19:34:16","slug":"souteze","status":"publish","type":"page","link":"https:\/\/www.kstswing.cz\/?page_id=2510","title":{"rendered":"Sout\u011b\u017ee"},"content":{"rendered":"\n<p>Zde naleznete informace o <strong>pl\u00e1novan\u00fdch sout\u011b\u017e\u00edch<\/strong>, kter\u00e9 budeme po\u0159\u00e1dat. <\/p>\n\n\n\n<figure class=\"wp-block-image size-large\"><img loading=\"lazy\" width=\"724\" height=\"1024\" src=\"https:\/\/www.kstswing.cz\/wp-content\/uploads\/2026\/04\/1000057274-724x1024.jpg\" alt=\"\" class=\"wp-image-4213\" srcset=\"https:\/\/www.kstswing.cz\/wp-content\/uploads\/2026\/04\/1000057274-724x1024.jpg 724w, https:\/\/www.kstswing.cz\/wp-content\/uploads\/2026\/04\/1000057274-212x300.jpg 212w, https:\/\/www.kstswing.cz\/wp-content\/uploads\/2026\/04\/1000057274-768x1087.jpg 768w, https:\/\/www.kstswing.cz\/wp-content\/uploads\/2026\/04\/1000057274-42x60.jpg 42w, https:\/\/www.kstswing.cz\/wp-content\/uploads\/2026\/04\/1000057274.jpg 1000w\" sizes=\"(max-width: 724px) 100vw, 724px\" \/><\/figure>\n","protected":false},"excerpt":{"rendered":"<p>Zde naleznete informace o pl\u00e1novan\u00fdch sout\u011b\u017e\u00edch, kter\u00e9 budeme po\u0159\u00e1dat.<\/p>\n","protected":false},"author":4,"featured_media":0,"parent":0,"menu_order":0,"comment_status":"closed","ping_status":"closed","template":"","meta":[],"_links":{"self":[{"href":"https:\/\/www.kstswing.cz\/index.php?rest_route=\/wp\/v2\/pages\/2510"}],"collection":[{"href":"https:\/\/www.kstswing.cz\/index.php?rest_route=\/wp\/v2\/pages"}],"about":[{"href":"https:\/\/www.kstswing.cz\/index.php?rest_route=\/wp\/v2\/types\/page"}],"author":[{"embeddable":true,"href":"https:\/\/www.kstswing.cz\/index.php?rest_route=\/wp\/v2\/users\/4"}],"replies":[{"embeddable":true,"href":"https:\/\/www.kstswing.cz\/index.php?rest_route=%2Fwp%2Fv2%2Fcomments&post=2510"}],"version-history":[{"count":20,"href":"https:\/\/www.kstswing.cz\/index.php?rest_route=\/wp\/v2\/pages\/2510\/revisions"}],"predecessor-version":[{"id":4214,"href":"https:\/\/www.kstswing.cz\/index.php?rest_route=\/wp\/v2\/pages\/2510\/revisions\/4214"}],"wp:attachment":[{"href":"https:\/\/www.kstswing.cz\/index.php?rest_route=%2Fwp%2Fv2%2Fmedia&parent=2510"}],"curies":[{"name":"wp","href":"https:\/\/api.w.org\/{rel}","templated":true}]}}