{"id":2508,"date":"2021-04-27T19:32:08","date_gmt":"2021-04-27T17:32:08","guid":{"rendered":"http:\/\/www.kstswing.cz\/?page_id=2508"},"modified":"2026-04-18T20:18:29","modified_gmt":"2026-04-18T18:18:29","slug":"tabory","status":"publish","type":"page","link":"https:\/\/www.kstswing.cz\/?page_id=2508","title":{"rendered":"T\u00c1BORY"},"content":{"rendered":"\n<h2>D\u011aTSK\u00dd P\u0158\u00cdM\u011aSTSK\u00dd SPORTOVN\u011a TANE\u010cN\u00cd T\u00c1BOR &#8211; 20<strong>.7.-24.7.202<\/strong>6<\/h2>\n\n\n\n<p><\/p>\n\n\n\n<figure class=\"wp-block-image size-large\"><img loading=\"lazy\" width=\"720\" height=\"1024\" src=\"https:\/\/www.kstswing.cz\/wp-content\/uploads\/2026\/04\/Collage_2026-04-10_21_29_09-720x1024.jpg\" alt=\"\" class=\"wp-image-4220\" srcset=\"https:\/\/www.kstswing.cz\/wp-content\/uploads\/2026\/04\/Collage_2026-04-10_21_29_09-720x1024.jpg 720w, https:\/\/www.kstswing.cz\/wp-content\/uploads\/2026\/04\/Collage_2026-04-10_21_29_09-211x300.jpg 211w, https:\/\/www.kstswing.cz\/wp-content\/uploads\/2026\/04\/Collage_2026-04-10_21_29_09-768x1092.jpg 768w, https:\/\/www.kstswing.cz\/wp-content\/uploads\/2026\/04\/Collage_2026-04-10_21_29_09-1080x1536.jpg 1080w, https:\/\/www.kstswing.cz\/wp-content\/uploads\/2026\/04\/Collage_2026-04-10_21_29_09-1440x2048.jpg 1440w, https:\/\/www.kstswing.cz\/wp-content\/uploads\/2026\/04\/Collage_2026-04-10_21_29_09-42x60.jpg 42w, https:\/\/www.kstswing.cz\/wp-content\/uploads\/2026\/04\/Collage_2026-04-10_21_29_09-scaled.jpg 1800w\" sizes=\"(max-width: 720px) 100vw, 720px\" \/><\/figure>\n\n\n\n<p>V\u00e1\u017een\u00ed rodi\u010de, letos op\u011bt po\u0159\u00e1d\u00e1me p\u0159\u00edm\u011bstsk\u00fd sportovn\u011b tane\u010dn\u00ed t\u00e1bor pro d\u011bti od 5 let, kter\u00fd po\u0159\u00e1d\u00e1me ka\u017edoro\u010dn\u011b od roku 2016. D\u011bti \u010dek\u00e1 spousta pohybu, her, z\u00e1bavy a z\u00e1\u017eitk\u016f. N\u00e1pln\u00ed t\u00e1bora bude tanec, sport, sportovn\u00ed a spole\u010densk\u00e9 hry, sout\u011b\u017ee, malov\u00e1n\u00ed, zp\u00edv\u00e1n\u00ed, tvo\u0159en\u00ed, n\u00e1v\u0161t\u011bva D\u011btsk\u00e9ho sv\u011bta Krom\u011b\u0159\u00ed\u017e a Koupali\u0161t\u011b Bajda.  <\/p>\n\n\n\n<p>T\u00e1bor je vhodn\u00fd pro d\u011bti od 5 do 12 let. <\/p>\n\n\n\n<p><strong>Cena: 2 690 K\u010d<\/strong><\/p>\n\n\n\n<div class=\"wp-block-file\"><a href=\"https:\/\/www.kstswing.cz\/wp-content\/uploads\/2026\/04\/prihlaska-primestsky-tabor-2026-swing.docx\"><strong>P\u0159ihl\u00e1\u0161ka<\/strong><\/a><a href=\"https:\/\/www.kstswing.cz\/wp-content\/uploads\/2026\/04\/prihlaska-primestsky-tabor-2026-swing.docx\" class=\"wp-block-file__button\" download>St\u00e1hnout<\/a><\/div>\n\n\n\n<p>P\u0159ihl\u00e1\u0161ky zas\u00edlejte na mail: <a href=\"mailto:katerinakolmanova@seznam.cz\">katerinakolmanova@seznam.cz<\/a> <\/p>\n\n\n\n<p>Platbu zas\u00edlejte na \u00fa\u010det: <strong>3404098001\/5500<\/strong><\/p>\n\n\n\n<p>M\u00edsto: Tane\u010dn\u00ed studio Oskol Krom\u011b\u0159\u00ed\u017e (Oskol 3216\/22a)<\/p>\n\n\n\n<figure class=\"wp-block-image size-large\"><img loading=\"lazy\" width=\"1024\" height=\"768\" src=\"https:\/\/www.kstswing.cz\/wp-content\/uploads\/2021\/09\/IMG-20210727-WA0009-1024x768.jpg\" alt=\"\" class=\"wp-image-3154\" srcset=\"https:\/\/www.kstswing.cz\/wp-content\/uploads\/2021\/09\/IMG-20210727-WA0009-1024x768.jpg 1024w, https:\/\/www.kstswing.cz\/wp-content\/uploads\/2021\/09\/IMG-20210727-WA0009-300x225.jpg 300w, https:\/\/www.kstswing.cz\/wp-content\/uploads\/2021\/09\/IMG-20210727-WA0009-768x576.jpg 768w, https:\/\/www.kstswing.cz\/wp-content\/uploads\/2021\/09\/IMG-20210727-WA0009-1536x1153.jpg 1536w, https:\/\/www.kstswing.cz\/wp-content\/uploads\/2021\/09\/IMG-20210727-WA0009-80x60.jpg 80w, https:\/\/www.kstswing.cz\/wp-content\/uploads\/2021\/09\/IMG-20210727-WA0009.jpg 1599w\" sizes=\"(max-width: 1024px) 100vw, 1024px\" \/><\/figure>\n\n\n\n<p>Fotky z t\u00e1bor\u016f zde: https:\/\/www.kstswing.cz\/?page_id=18 i na na\u0161em FB \u010di IG<\/p>\n","protected":false},"excerpt":{"rendered":"<p>D\u011aTSK\u00dd P\u0158\u00cdM\u011aSTSK\u00dd SPORTOVN\u011a TANE\u010cN\u00cd T\u00c1BOR &#8211; 20.7.-24.7.2026 V\u00e1\u017een\u00ed rodi\u010de, letos op\u011bt po\u0159\u00e1d\u00e1me p\u0159\u00edm\u011bstsk\u00fd sportovn\u011b tane\u010dn\u00ed t\u00e1bor pro d\u011bti od 5 let, kter\u00fd po\u0159\u00e1d\u00e1me ka\u017edoro\u010dn\u011b od &hellip; <\/p>\n","protected":false},"author":4,"featured_media":0,"parent":0,"menu_order":0,"comment_status":"closed","ping_status":"closed","template":"","meta":[],"_links":{"self":[{"href":"https:\/\/www.kstswing.cz\/index.php?rest_route=\/wp\/v2\/pages\/2508"}],"collection":[{"href":"https:\/\/www.kstswing.cz\/index.php?rest_route=\/wp\/v2\/pages"}],"about":[{"href":"https:\/\/www.kstswing.cz\/index.php?rest_route=\/wp\/v2\/types\/page"}],"author":[{"embeddable":true,"href":"https:\/\/www.kstswing.cz\/index.php?rest_route=\/wp\/v2\/users\/4"}],"replies":[{"embeddable":true,"href":"https:\/\/www.kstswing.cz\/index.php?rest_route=%2Fwp%2Fv2%2Fcomments&post=2508"}],"version-history":[{"count":30,"href":"https:\/\/www.kstswing.cz\/index.php?rest_route=\/wp\/v2\/pages\/2508\/revisions"}],"predecessor-version":[{"id":4223,"href":"https:\/\/www.kstswing.cz\/index.php?rest_route=\/wp\/v2\/pages\/2508\/revisions\/4223"}],"wp:attachment":[{"href":"https:\/\/www.kstswing.cz\/index.php?rest_route=%2Fwp%2Fv2%2Fmedia&parent=2508"}],"curies":[{"name":"wp","href":"https:\/\/api.w.org\/{rel}","templated":true}]}}